tors of 5594153.
5594153
What are the prime factors of 40718?
2, 20359
List the prime factors of 311803.
311803
What are the prime factors of 520963?
520963
What are the prime factors of 3968384?
2, 7, 43, 103
What are the prime factors of 364821?
3, 121607
What are the prime factors of 235041?
3, 78347
What are the prime factors of 649141?
649141
What are the prime factors of 113357?
113357
List the prime factors of 1496641.
1496641
What are the prime factors of 6001555?
5, 7, 171473
What are the prime factors of 2670235?
5, 534047
What are the prime factors of 68212?
2, 17053
What are the prime factors of 238416?
2, 3, 4967
What are the prime factors of 15102875?
5, 120823
What are the prime factors of 7502444?
2, 1875611
What are the prime factors of 4047582?
2, 3, 7, 11, 8761
List the prime factors of 259065.
3, 5, 19, 101
List the prime factors of 10336685.
5, 2067337
What are the prime factors of 278112?
2, 3, 2897
What are the prime factors of 983571?
3, 37, 8861
What are the prime factors of 409230?
2, 3, 5, 4547
List the prime factors of 781920.
2, 3, 5, 181
List the prime factors of 896741.
59, 15199
What are the prime factors of 238695?
3, 5, 15913
What are the prime factors of 135466?
2, 67733
List the prime factors of 268691.
89, 3019
What are the prime factors of 1358149?
13, 104473
What are the prime factors of 30192?
2, 3, 17, 37
What are the prime factors of 166878?
2, 3, 73, 127
List the prime factors of 929672.
2, 79, 1471
List the prime factors of 1200929.
1200929
What are the prime factors of 25538327?
31, 59, 13963
What are the prime factors of 592548?
2, 3, 11, 67
What are the prime factors of 726692?
2, 139, 1307
List the prime factors of 13922.
2, 6961
List the prime factors of 319993.
319993
What are the prime factors of 637651?
7, 71, 1283
What are the prime factors of 332341?
109, 3049
What are the prime factors of 1243782?
2, 3, 31, 743
What are the prime factors of 3564078?
2, 3, 7, 84859
List the prime factors of 5411796.
2, 3, 13, 113, 307
What are the prime factors of 731588?
2, 11, 13, 1279
What are the prime factors of 6409592?
2, 7, 83, 197
List the prime factors of 91853.
31, 2963
List the prime factors of 87515.
5, 23, 761
List the prime factors of 893912.
2, 19, 5881
List the prime factors of 1566550.
2, 5, 17, 19, 97
What are the prime factors of 1627024?
2, 7, 73, 199
What are the prime factors of 941110?
2, 5, 94111
What are the prime factors of 5723209?
5723209
List the prime factors of 5951348.
2, 13, 193, 593
What are the prime factors of 1403400?
2, 3, 5, 2339
What are the prime factors of 1067832?
2, 3, 14831
What are the prime factors of 740101?
271, 2731
List the prime factors of 6352779.
3, 2117593
List the prime factors of 934731.
3, 7, 37, 401
List the prime factors of 413861.
7, 59123
What are the prime factors of 11045503?
7, 107, 14747
List the prime factors of 1041672.
2, 3, 43403
List the prime factors of 921585.
3, 5, 7, 67, 131
List the prime factors of 758767.
758767
List the prime factors of 20234180.
2, 5, 269, 3761
What are the prime factors of 202537?
337, 601
List the prime factors of 377132.
2, 7, 13469
What are the prime factors of 13113964?
2, 193, 16987
List the prime factors of 135877.
7, 47, 59
What are the prime factors of 623823?
3, 207941
What are the prime factors of 5061787?
59, 85793
List the prime factors of 57553.
67, 859
What are the prime factors of 208381?
191, 1091
List the prime factors of 3881762.
2, 1940881
List the prime factors of 808266.
2, 3, 23, 5857
What are the prime factors of 210333?
3, 70111
What are the prime factors of 7337933?
19, 127, 3041
What are the prime factors of 14466754?
2, 7233377
What are the prime factors of 3136257?
3, 23, 109, 139
List the prime factors of 7265928.
2, 3, 302747
List the prime factors of 9940.
2, 5, 7, 71
List the prime factors of 1737500.
2, 5, 139
List the prime factors of 341524.
2, 85381
List the prime factors of 183772.
2, 45943
What are the prime factors of 4638008?
2, 17, 67, 509
What are the prime factors of 957642?
2, 3, 7, 151
What are the prime factors of 825551?
825551
What are the prime factors of 1625528?
2, 61, 3331
What are the prime factors of 4476315?
3, 5, 457, 653
List the prime factors of 724297.
7, 103471
What are the prime factors of 8259214?
2, 37, 111611
What are the prime factors of 4816593?
3, 17, 31481
List the prime factors of 21643798.
2, 11, 983809
List the prime factors of 5064070.
2, 5, 11, 19, 2423
What are the prime factors of 4955762?
2, 7, 61, 829
List the prime factors of 21939818.
2, 10969909
What are the prime factors of 6430898?
2, 313, 10273
List the prime factors of 43644.
2, 3, 3637
What are the prime factors of 127168?
2, 1987
List the prime factors of 226442.
2, 19, 59, 101
What are the prime factors of 497343?
3, 7, 11, 2153
List the prime factors of 785309.
7, 43, 2609
List the prime factors of 890009.
83, 10723
List the prime factors of 194723.
194723
List the prime factors of 405668.
2, 37, 2741
What are the prime factors of 14709427?
73, 201499
What are the prime factors of 3779394?
2, 3, 629899
What are the prime factors of 1098274?
2, 101, 5437
What are the prime factors of 24639960?
2, 3, 5, 19, 101, 107
List the prime factors of 140613.
3, 11, 4261
List the prime factors of 17750502.
2, 3, 7, 11, 1423
List the prime factors of 1202994.
2, 3, 13, 53, 97
List the prime factors of 129697.
23, 5639
What are the prime factors of 428451?
3, 17, 31, 271
List the prime factors of 1188504.
2, 3, 17, 971
List the prime factors of 28368707.
28368707
List the prime factors of 781021.
781021
List the prime factors of 2002419.
3, 271, 821
List the prime factors of 3142266.
2, 3, 29, 18059
List the prime factors of 79019.
31, 2549
List the prime factors of 758240.
2, 5, 7, 677
What are the prime factors of 331837?
11, 97, 311
List the prime factors of 491867.
491867
What are the prime factors of 642495?
3, 5, 7, 29, 211
List the prime factors of 4737690.
2, 3, 5, 5849
List the prime factors of 646740.
2, 3, 5, 3593
What are the prime factors of 661232?
2, 11, 13, 17
List the prime factors of 7923937.
7, 23, 79, 89
What are the prime factors of 4801622?
2, 7, 67, 5119
What are the prime factors of 17432589?
3, 5810863
List the prime factors of 554929.
47, 11807
What are the prime factors of 8259375?
3, 5, 881
What are the prime factors of 16385274?
2, 3, 303431
What are the prime factors of 178249?
178249
What are the prime factors of 824908?
2, 7, 17, 1733
What are the prime factors of 18234912?
2, 3, 189947
List the prime factors of 2252021.
131, 17191
What are the prime factors of 18823334?
2, 1213, 7759
List the prime factors of 2307882.
2, 3, 67, 5741
What are the prime factors of 620932?
2, 13, 11941
List the prime factors of 960551.
17, 56503
List the prime factors of 3051054.
2, 3, 56501
What are the prime factors of 28637691?
3, 23, 415039
What are the prime factors of 1482394?
2, 157, 4721
What are the prime factors of 2218636?
2, 7, 17, 59, 79
What are the prime factors of 1498631?
743, 2017
What are the prime factors of 729383?
71, 10273
List the prime factors of 5947768.
2, 809, 919
List the prime factors of 7219919.
7, 71, 73, 199
List the prime factors of 12687599.
12687599
List the prime factors of 3388559.
17, 47, 4241
What are the prime factors of 132778?
2, 197, 337
What are the prime factors of 616295?
5, 123259
What are the prime factors of 4841834?
2, 2420917
List the prime factors of 2290246.
2, 7, 29, 5641
What are the prime factors of 830881?
53, 61, 257
What are the prime factors of 637694?
2, 61, 5227
List the prime factors of 2241329.
107, 20947
List the prime factors of 184068.
2, 3, 5113
What are the prime factors of 1460273?
109, 13397
What are the prime factors of 3838692?
2, 3, 11, 13, 2237
What are the prime factors of 1155487?
89, 12983
List the prime factors of 11433.
3, 37, 103
What are the prime factors of 9513009?
3, 11, 307, 313
What are the prime factors of 53366?
2, 26683
List the prime factors of 2397089.
137, 17497
What are the prime factors of 1378508?
2, 31, 11117
List the prime factors of 21564305.
5, 7, 47, 13109
List the prime factors of 13255.
5, 11, 241
What are the prime factors of 709535?
5, 141907
List the prime factors 